 the greatest common divisor of s and 78?
39
Suppose 43*d - 15997 = 3783. Calculate the highest common factor of d and 1012.
92
Let w(u) = 6*u + 22. Let p be w(-9). Let a be (-856)/p + 1/4. Let f be (-1 - -10)*90/a. What is the highest common factor of 6 and f?
6
Let c(b) = b**3 + 15*b**2 - 34*b + 39. Let y be c(-17). Calculate the greatest common divisor of 26 and y.
13
Let n be (305/122)/(10/152). Calculate the greatest common divisor of 646 and n.
38
Suppose 3*c - 2*d = 154, 0 = 5*c - 5*d + 2*d - 257. What is the highest common divisor of c and 598?
26
Let g(c) = 56*c**2 + 2*c + 1. Let d be g(-1). Let p be (-7)/(-42) + (-29)/(-6). What is the greatest common divisor of p and d?
5
Suppose 0*c = 6*c + 78. Let z be (3 + 0 + c)*-8. What is the highest common divisor of z and 10?
10
Let h(o) = 6*o - 1. Let p be h(1). Suppose 5 = 4*y + 17. Let g be 4 + (-2 + 8)/y. What is the greatest common factor of g and p?
1
Let j = -501 + 503. What is the highest common divisor of 25 and j?
1
Let u(j) = -2*j**3 - j**2 - 2*j + 112. Let n be u(0). What is the greatest common factor of n and 154?
14
Suppose 2*i = 8*i - 210. Let j = i + -32. Suppose -j*w = -4*w + 10. Calculate the greatest common divisor of 30 and w.
10
Let s = 85 + -38. Suppose 2*w = p - w - s, 2*w - 130 = -3*p. Let j(d) = d**3 + 4*d**2 - 6*d - 1. Let q be j(-5). What is the highest common divisor of q and p?
4
Let v(t) = 38*t. Let c be v(3). Suppose 0 = 2*a - 7 - 3. Suppose -69 = -a*s + 26. Calculate the highest common divisor of c and s.
19
Let x = -1026 + 1279. Calculate the highest common divisor of x and 437.
23
Let b = 11 - -5. Suppose -19*g + 81 = -b*g. Calculate the highest common divisor of g and 108.
27
Let k be (-2 - (-5)/3)/(3/(-90)). Let n be 20/3*(-54)/(-12). What is the greatest common factor of n and k?
10
Let o = -40 + 27. Let b(h) = -h + 11. Let j be b(o). What is the greatest common divisor of 6 and j?
6
Let m = 112 + -67. Let k be (30/m)/((-4)/(-6)). Calculate the greatest common factor of 13 and k.
1
Suppose -5*f + 816 = -y - 115, 4*f = -3*y + 741. What is the highest common divisor of f and 682?
62
Let i(o) = -o**3 + 3*o**2 + 4*o + 5. Let l be i(4). Suppose -l*a - 58 = -4*r - 15, -2*r + 23 = -3*a. Calculate the highest common divisor of r and 28.
7
Suppose 0 = 4*a - 2*n - 232, 0 = 3*a - 3*n + 7*n - 196. Let m = -67 + 77. Calculate the highest common divisor of a and m.
10
Suppose 3*f + 817 = -2*b + 2261, 5*f - 2406 = -3*b. Suppose -f = 3*o - 0*o. Let x be -2 - -4 - o/4. Calculate the highest common divisor of x and 105.
21
Let b = 2232 - 2166. Calculate the highest common factor of 96 and b.
6
Let d be (-4 - -2) + 1 - -4. Suppose 9*f - d*o + 495 = 5*f, 3*f - 5*o + 374 = 0. Let b = -59 - f. What is the highest common divisor of b and 8?
8
Let a(c) = -c**2 - 2*c + 24. Let z be a(-5). What is the greatest common factor of 2 and z?
1
Let k = 121 + -61. Calculate the highest common factor of 132 and k.
12
Let v = 51 + -21. Let q(c) = -2*c**2 + 11*c + 10. Let y be q(0). Calculate the greatest common factor of y and v.
10
Suppose -10*m = -5*m. Suppose 5*i - 2*q + 22 = -0*i, m = 2*q - 2. Let f = i + 20. Calculate the highest common factor of f and 8.
8
Suppose 400 + 410 = 3*q. Calculate the greatest common factor of q and 54.
54
Let h = -358 - -523. Let b(l) = -161*l + 15. Let x be b(0). What is the highest common divisor of h and x?
15
Let m = 263 - 249. What is the highest common factor of m and 98?
14
Let z = 9431 - 6593. What is the greatest common factor of 66 and z?
66
Suppose 557 = -4*g + 6*g - n, -1108 = -4*g + 4*n. Calculate the highest common divisor of g and 24.
8
Let a(v) = 26*v**3 + 4*v**2 - 6*v + 10. Let s be a(3). Calculate the highest common divisor of s and 73.
73
Let v(t) = 1. Let c(a) = -5*a + 5. Let o(j) = c(j) - 4*v(j). Let h = -13 + 8. Let s be o(h). What is the greatest common divisor of s and 78?
26
Suppose 3*w + 4*h = 51 + 1908, 1317 = 2*w - h. Calculate the greatest common factor of 18 and w.
9
Let q(s) = 71*s**2 - 9. Let g be q(3). What is the greatest common factor of 14 and g?
14
Suppose 0 = -4*u - 3*t + 55, 3*u + 2*t = 13 + 28. What is the highest common divisor of u and 884?
13
Let x = 128 + -72. Suppose 0*n - 3*n + 4*t + 28 = 0, x = 4*n + 4*t. Suppose -2*y = 5 - 13. Calculate the greatest common factor of n and y.
4
Suppose -5*g = 38*g - 172. Calculate the highest common divisor of 236 and g.
4
Let u(m) = -8*m + 81. Let n be u(10). What is the highest common factor of n and 173?
1
Let m = 114 - 31. Suppose f = w - 5*w + m, 0 = f + 1. Suppose 210 = 5*t - 3*t + 4*p, t - 3*p - 105 = 0. Calculate the highest common factor of t and w.
21
Let y = 436 - 65. Let p = -30 + y. Calculate the greatest common divisor of p and 31.
31
Let k be 9/(-6) + 31/2. Suppose q - k = 11. Let i = 23 + 2. What is the highest common divisor of i and q?
25
Suppose -3*d + m + 171 = 0, -128 - 164 = -5*d + 4*m. Let j = 7 - 0. Calculate the greatest common factor of j and d.
7
Let l be 14993/18 - 34/(-612). What is the highest common factor of 245 and l?
49
Let l be ((-513)/(-81))/((-2)/(-246)). Calculate the greatest common factor of 19 and l.
19
Let h(k) = -265*k + 154. Let g be h(-14). What is the greatest common factor of g and 84?
84
Let m = -118 - -123. Let i be (-6)/2*20/(-15). Let l = i - 3. Calculate the greatest common factor of l and m.
1
Let m = 374 + -347. What is the highest common factor of m and 18?
9
Suppose d - 6 = -10*y + 11*y, -3*y + 7 = 2*d. Suppose 5*p + d*u = 65, -7*p + 3*p = -5*u - 16. What is the highest common factor of p and 72?
9
Suppose 3*k = 3*r - 0*r - 282, 3*k = 15. Calculate the greatest common factor of r and 264.
33
Suppose 4*x + 5*j = -7 + 21, 2*j - 20 = -4*x. Let k = 4 + x. Calculate the highest common factor of 1 and k.
1
Let d be (1682/6)/((-140)/12 - -12). What is the greatest common factor of 87 and d?
29
Let g(r) be the second derivative of r**4/12 - r**3/2 - 5*r**2 + 13*r. Let w be g(-7). What is the greatest common factor of w and 30?
30
Suppose -590*d = -592*d + 6634. Calculate the highest common divisor of 107 and d.
107
Suppose 3*i = 12, n = 3*i - 5 - 7. Suppose n + 8 = v. Suppose 3*d - 34 = -2*t, v = d - 0*t - t. What is the highest common factor of d and 5?
5
Suppose 0 = 2*j - 80 + 20. Suppose -s = -3*p, 0 = s - 3*s - 4*p + 10. Let x(m) = 5*m - 9. Let o be x(s). What is the highest common divisor of o and j?
6
Suppose -2*z - 4*z + 288 = 0. Let j be (-14 + -1)/((-16)/z). What is the highest common factor of 15 and j?
15
Let b(m) = -m - 8. Let r be b(-6). Let f be 24/(4/r)*3/(-2). Calculate the greatest common factor of f and 6.
6
Let l be (8/(-5) + -2)*(-12880)/736. Calculate the greatest common factor of 1386 and l.
63
Suppose 0 = 63*b - 0*b - 63. Calculate the greatest common divisor of 2 and b.
1
Let w be 10*(0 - (-20)/25). Let n = -10 - -16. Let m = n + -2. What is the highest common divisor of m and w?
4
Let u(b) = -14*b + 90. Let a be u(6). Calculate the greatest common divisor of 15 and a.
3
Suppose k = 3*j - 76, k + 130 = -j + 6*j. Let o be 1/(2 + (-6)/4). Suppose o*q = -0*q + 18. What is the greatest common divisor of j and q?
9
Let o be (14/(-6))/(84/(-1512)). What is the greatest common factor of o and 72?
6
Suppose -1789 = -5*f - 3*s - 83, 0 = s - 2. Suppose 3*t - 8*t + f = 0. Calculate the greatest common divisor of t and 102.
34
Let q(i) = 43*i + 2. Let b be q(1). Suppose 11*w - b = 8*w. What is the greatest common factor of w and 3?
3
Suppose 3*r + 6*w = 7*w + 363, -5*w = r - 105. Let l(h) = 2*h**2 - 9*h + 10. Let b be l(5). What is the greatest common divisor of r and b?
15
Let o(w) = -w**3 + 8*w**2 + 3*w - 6. Let h be o(6). Suppose 3*p - 36 = -3*d, 2*d - 2*p = 2*p + 24. What is the highest common factor of h and d?
12
Let g be (-30 - -33)*(-78)/(-9). Suppose 0*d = -d + 4*f + 90, -168 = -2*d + 4*f. Calculate the highest common divisor of d and g.
26
Suppose 0 = -4*y + 48 + 224. Let h = y + -14. Calculate the greatest common divisor of 36 and h.
18
Let f be (4/(-5))/(78/(-2925)). What is the highest common divisor of f and 20?
10
Let t(s) = -s**3 + 7*s**2 + 8*s + 4. Suppose 4*u + 79 + 17 = 0. Let q = -16 - u. Let r be t(q). Calculate the greatest common divisor of r and 12.
4
Let u(d) = 2*d + 8. Let j be -4 - 5/((-